{"id":150,"date":"2024-01-30T23:27:52","date_gmt":"2024-01-30T22:27:52","guid":{"rendered":"https:\/\/guidehpad.com\/?page_id=150"},"modified":"2024-02-19T19:03:10","modified_gmt":"2024-02-19T18:03:10","slug":"une-methode","status":"publish","type":"page","link":"https:\/\/guidehpad.com\/index.php\/une-methode\/","title":{"rendered":"une m\u00e9thode"},"content":{"rendered":"\t\t<div data-elementor-type=\"wp-page\" data-elementor-id=\"150\" class=\"elementor elementor-150\">\n\t\t\t\t<div class=\"elementor-element elementor-element-1f2e8e7 e-flex e-con-boxed wpr-particle-no wpr-jarallax-no wpr-parallax-no wpr-sticky-section-no e-con e-parent\" data-id=\"1f2e8e7\" data-element_type=\"container\" data-e-type=\"container\">\n\t\t\t\t\t<div class=\"e-con-inner\">\n\t\t\t\t<div class=\"elementor-element elementor-element-20fd9c6 elementor-widget elementor-widget-heading\" data-id=\"20fd9c6\" data-element_type=\"widget\" data-e-type=\"widget\" data-widget_type=\"heading.default\">\n\t\t\t\t<div class=\"elementor-widget-container\">\n\t\t\t\t\t<h1 class=\"elementor-heading-title elementor-size-default\">une m\u00e9thode<\/h1>\t\t\t\t<\/div>\n\t\t\t\t<\/div>\n\t\t\t\t<div class=\"elementor-element elementor-element-1c6fd3c elementor-widget elementor-widget-image\" data-id=\"1c6fd3c\" data-element_type=\"widget\" data-e-type=\"widget\" data-widget_type=\"image.default\">\n\t\t\t\t<div class=\"elementor-widget-container\">\n\t\t\t\t\t\t\t\t\t\t\t\t\t\t\t<img fetchpriority=\"high\" decoding=\"async\" width=\"1024\" height=\"277\" src=\"https:\/\/guidehpad.com\/wp-content\/uploads\/2024\/02\/bandeau-methodeQ-1-1024x277.jpeg\" class=\"attachment-large size-large wp-image-547\" alt=\"\" srcset=\"https:\/\/guidehpad.com\/wp-content\/uploads\/2024\/02\/bandeau-methodeQ-1-1024x277.jpeg 1024w, https:\/\/guidehpad.com\/wp-content\/uploads\/2024\/02\/bandeau-methodeQ-1-300x81.jpeg 300w, https:\/\/guidehpad.com\/wp-content\/uploads\/2024\/02\/bandeau-methodeQ-1-768x208.jpeg 768w, https:\/\/guidehpad.com\/wp-content\/uploads\/2024\/02\/bandeau-methodeQ-1-1536x416.jpeg 1536w, https:\/\/guidehpad.com\/wp-content\/uploads\/2024\/02\/bandeau-methodeQ-1-2048x554.jpeg 2048w\" sizes=\"(max-width: 1024px) 100vw, 1024px\" \/>\t\t\t\t\t\t\t\t\t\t\t\t\t\t\t<\/div>\n\t\t\t\t<\/div>\n\t\t\t\t<div class=\"elementor-element elementor-element-025ef59 elementor-widget elementor-widget-text-editor\" data-id=\"025ef59\" data-element_type=\"widget\" data-e-type=\"widget\" data-widget_type=\"text-editor.default\">\n\t\t\t\t<div class=\"elementor-widget-container\">\n\t\t\t\t\t\t\t\t\t<p>Votre temps est pr\u00e9cieux : nous mettons le n\u00f4tre \u00e0 votre disposition pour effectuer une revue de litt\u00e9rature <br \/>(RBPP, textes r\u00e8glementaires, documents internes).<\/p><p>A partir du storyboard.\u00a0 les s\u00e9quences sont film\u00e9es, le montage est r\u00e9alis\u00e9 et les \u00e9ventuelles modifications effectu\u00e9es.<\/p><p>Le film est alors pr\u00eat \u00e0 \u00eatre diffus\u00e9.<\/p>\t\t\t\t\t\t\t\t<\/div>\n\t\t\t\t<\/div>\n\t\t\t\t\t<\/div>\n\t\t\t\t<\/div>\n\t\t<div class=\"elementor-element elementor-element-6180783 e-flex e-con-boxed wpr-particle-no wpr-jarallax-no wpr-parallax-no wpr-sticky-section-no e-con e-parent\" data-id=\"6180783\" data-element_type=\"container\" data-e-type=\"container\">\n\t\t\t\t\t<div class=\"e-con-inner\">\n\t\t\t\t<div class=\"elementor-element elementor-element-116e12d elementor-widget elementor-widget-heading\" data-id=\"116e12d\" data-element_type=\"widget\" data-e-type=\"widget\" data-widget_type=\"heading.default\">\n\t\t\t\t<div class=\"elementor-widget-container\">\n\t\t\t\t\t<h2 class=\"elementor-heading-title elementor-size-default\">1 L\u2019ECRITURE DU SCENARIO<\/h2>\t\t\t\t<\/div>\n\t\t\t\t<\/div>\n\t\t\t\t<div class=\"elementor-element elementor-element-37f7bdc elementor-widget elementor-widget-text-editor\" data-id=\"37f7bdc\" data-element_type=\"widget\" data-e-type=\"widget\" data-widget_type=\"text-editor.default\">\n\t\t\t\t<div class=\"elementor-widget-container\">\n\t\t\t\t\t\t\t\t\t<p><strong>Le Style de film<\/strong> (fiction, reportage, interview, pr\u00e9sentation, motion design, \u2026) est souvent d\u00e9pendant du sujet. Il convient aussi de pr\u00e9ciser la nature du support de visionnage souhait\u00e9 (16\/9, vertical\u2026)<\/p><p><strong>La dur\u00e9e<\/strong> du film\/tutoriel est un param\u00e8tre important. Il s\u2019agit de faire passer les informations \u00e0 retenir en un minimum de temps tout en gardant l\u2019attention des utilisateurs.<\/p><p><strong>Le sc\u00e9nario<\/strong> pr\u00e9pare la composition du film. Il comporte des indications techniques, l\u2019utilisation de s\u00e9quences film\u00e9es, d\u2019images, de textes ou de voix off.<\/p><p>Lors de la construction du sc\u00e9nario, nous \u00e9tudierons les recommandations de bonnes pratiques professionnelles (RBPP) et autres r\u00e9f\u00e9rentiels relatifs au sujet afin d\u2019en assurer sa pertinence.<\/p><p><strong>Le storyboard<\/strong> permet de pr\u00e9parer l\u2019\u00e9tape du tournage afin que toutes les s\u00e9quences puissent \u00eatre film\u00e9es en une seule journ\u00e9e, sans modifier l\u2019activit\u00e9 de la structure.<\/p>\t\t\t\t\t\t\t\t<\/div>\n\t\t\t\t<\/div>\n\t\t\t\t<div class=\"elementor-element elementor-element-79689ad elementor-widget elementor-widget-heading\" data-id=\"79689ad\" data-element_type=\"widget\" data-e-type=\"widget\" data-widget_type=\"heading.default\">\n\t\t\t\t<div class=\"elementor-widget-container\">\n\t\t\t\t\t<h2 class=\"elementor-heading-title elementor-size-default\">2 LE TOURNAGE DES SEQUENCES<\/h2>\t\t\t\t<\/div>\n\t\t\t\t<\/div>\n\t\t\t\t<div class=\"elementor-element elementor-element-85149e5 elementor-widget elementor-widget-text-editor\" data-id=\"85149e5\" data-element_type=\"widget\" data-e-type=\"widget\" data-widget_type=\"text-editor.default\">\n\t\t\t\t<div class=\"elementor-widget-container\">\n\t\t\t\t\t\t\t\t\t<p>G\u00e9n\u00e9ralement r\u00e9alis\u00e9 en structure, la participation du personnel est un plus valorisant les acteurs et contribuant \u00e0 renforcer l\u2019impact du film aupr\u00e8s des \u00e9quipes. Cela permet par ailleurs de maitriser le co\u00fbt global.<\/p><p>Le cas \u00e9ch\u00e9ant, il est possible de flouter les visages ou de filmer de dos.<\/p>\t\t\t\t\t\t\t\t<\/div>\n\t\t\t\t<\/div>\n\t\t\t\t<div class=\"elementor-element elementor-element-692c3e4 elementor-widget elementor-widget-heading\" data-id=\"692c3e4\" data-element_type=\"widget\" data-e-type=\"widget\" data-widget_type=\"heading.default\">\n\t\t\t\t<div class=\"elementor-widget-container\">\n\t\t\t\t\t<h2 class=\"elementor-heading-title elementor-size-default\">3 LE MONTAGE - post-production<\/h2>\t\t\t\t<\/div>\n\t\t\t\t<\/div>\n\t\t\t\t<div class=\"elementor-element elementor-element-86f8784 elementor-widget elementor-widget-text-editor\" data-id=\"86f8784\" data-element_type=\"widget\" data-e-type=\"widget\" data-widget_type=\"text-editor.default\">\n\t\t\t\t<div class=\"elementor-widget-container\">\n\t\t\t\t\t\t\t\t\t<p><strong>Le montage du film<\/strong> se fait sur ordinateur. Cette \u00e9tape peut comporter l\u2019ajout de voix off, de visuels, de textes, voire de sous-titres.<\/p>\t\t\t\t\t\t\t\t<\/div>\n\t\t\t\t<\/div>\n\t\t\t\t<div class=\"elementor-element elementor-element-406f90f elementor-widget elementor-widget-heading\" data-id=\"406f90f\" data-element_type=\"widget\" data-e-type=\"widget\" data-widget_type=\"heading.default\">\n\t\t\t\t<div class=\"elementor-widget-container\">\n\t\t\t\t\t<h2 class=\"elementor-heading-title elementor-size-default\">4 LES CORRECTIONS <\/h2>\t\t\t\t<\/div>\n\t\t\t\t<\/div>\n\t\t\t\t<div class=\"elementor-element elementor-element-c9d273e elementor-widget elementor-widget-text-editor\" data-id=\"c9d273e\" data-element_type=\"widget\" data-e-type=\"widget\" data-widget_type=\"text-editor.default\">\n\t\t\t\t<div class=\"elementor-widget-container\">\n\t\t\t\t\t\t\t\t\t<p>Avant la finalisation du projet, votre relecture est n\u00e9cessaire et les modifications demand\u00e9es sont effectu\u00e9es.<\/p><p>Le cas \u00e9ch\u00e9ant, un sp\u00e9cialiste du sujet peut \u00eatre consult\u00e9.<\/p>\t\t\t\t\t\t\t\t<\/div>\n\t\t\t\t<\/div>\n\t\t\t\t<div class=\"elementor-element elementor-element-ea2aea1 elementor-widget elementor-widget-heading\" data-id=\"ea2aea1\" data-element_type=\"widget\" data-e-type=\"widget\" data-widget_type=\"heading.default\">\n\t\t\t\t<div class=\"elementor-widget-container\">\n\t\t\t\t\t<h2 class=\"elementor-heading-title elementor-size-default\">5 LA LIVRAISON du FILM<\/h2>\t\t\t\t<\/div>\n\t\t\t\t<\/div>\n\t\t\t\t<div class=\"elementor-element elementor-element-9c408cb elementor-widget elementor-widget-text-editor\" data-id=\"9c408cb\" data-element_type=\"widget\" data-e-type=\"widget\" data-widget_type=\"text-editor.default\">\n\t\t\t\t<div class=\"elementor-widget-container\">\n\t\t\t\t\t\t\t\t\t<p>Elle comporte une version num\u00e9rique du tutoriel en format HD ainsi qu\u2019une version consultable sur les r\u00e9seaux sociaux, notamment Youtube (en mode non r\u00e9f\u00e9renc\u00e9).<\/p>\t\t\t\t\t\t\t\t<\/div>\n\t\t\t\t<\/div>\n\t\t\t\t\t<\/div>\n\t\t\t\t<\/div>\n\t\t<div class=\"elementor-element elementor-element-eac8a57 e-flex e-con-boxed wpr-particle-no wpr-jarallax-no wpr-parallax-no wpr-sticky-section-no e-con e-parent\" data-id=\"eac8a57\" data-element_type=\"container\" data-e-type=\"container\">\n\t\t\t\t\t<div class=\"e-con-inner\">\n\t\t<div class=\"elementor-element elementor-element-832229d e-con-full e-flex wpr-particle-no wpr-jarallax-no wpr-parallax-no wpr-sticky-section-no e-con e-child\" data-id=\"832229d\" data-element_type=\"container\" data-e-type=\"container\">\n\t\t\t\t<\/div>\n\t\t<div class=\"elementor-element elementor-element-b2f782c e-con-full e-flex wpr-particle-no wpr-jarallax-no wpr-parallax-no wpr-sticky-section-no e-con e-child\" data-id=\"b2f782c\" data-element_type=\"container\" data-e-type=\"container\">\n\t\t\t\t<\/div>\n\t\t\t\t\t<\/div>\n\t\t\t\t<\/div>\n\t\t<div class=\"elementor-element elementor-element-3209dda e-flex e-con-boxed wpr-particle-no wpr-jarallax-no wpr-parallax-no wpr-sticky-section-no e-con e-parent\" data-id=\"3209dda\" data-element_type=\"container\" data-e-type=\"container\" data-settings=\"{&quot;background_background&quot;:&quot;classic&quot;}\">\n\t\t\t\t\t<div class=\"e-con-inner\">\n\t\t\t\t<div class=\"elementor-element elementor-element-bf1b58b elementor-widget elementor-widget-text-editor\" data-id=\"bf1b58b\" data-element_type=\"widget\" data-e-type=\"widget\" data-widget_type=\"text-editor.default\">\n\t\t\t\t<div class=\"elementor-widget-container\">\n\t\t\t\t\t\t\t\t\t<p>Bon \u00e0 savoir :<\/p>\t\t\t\t\t\t\t\t<\/div>\n\t\t\t\t<\/div>\n\t\t\t\t<div class=\"elementor-element elementor-element-6b0a304 elementor-widget elementor-widget-text-editor\" data-id=\"6b0a304\" data-element_type=\"widget\" data-e-type=\"widget\" data-widget_type=\"text-editor.default\">\n\t\t\t\t<div class=\"elementor-widget-container\">\n\t\t\t\t\t\t\t\t\t<p>L\u2019\u00e9criture du <strong>storyboard<\/strong> peut \u00e9galement \u00eatre une opportunit\u00e9 pour <strong>revoir<\/strong> <strong>d\u2019organisation<\/strong> de l\u2019activit\u00e9 afin que le tutoriel pr\u00e9sente ce que l\u2019on fait\u2026 pour que soit fait ce que l\u2019on pr\u00e9sente.<\/p>\t\t\t\t\t\t\t\t<\/div>\n\t\t\t\t<\/div>\n\t\t\t\t<div class=\"elementor-element elementor-element-4ab20a6 elementor-widget elementor-widget-text-editor\" data-id=\"4ab20a6\" data-element_type=\"widget\" data-e-type=\"widget\" data-widget_type=\"text-editor.default\">\n\t\t\t\t<div class=\"elementor-widget-container\">\n\t\t\t\t\t\t\t\t\t<p><strong>Du \u00ab\u00a0g\u00e9n\u00e9rique \u00bb au \u00ab\u00a0sur mesure\u00a0\u00bb.<\/strong><\/p><p>Le choix d\u00e9pend bien s\u00fbr du budget disponible mais \u00e9galement de la nature du sujet et de l\u2019objectif recherch\u00e9.<\/p><p>Le <strong>\u00ab\u00a0g\u00e9n\u00e9rique \u00bb<\/strong> \u00a0: si le tutoriel explique par exemple comment utiliser un \u00e9quipement ou r\u00e9aliser une prestation, le film peut \u00eatre g\u00e9n\u00e9rique et reproductible dans plusieurs \u00e9tablissements si ces derniers utilisent le m\u00eame \u00e9quipement ou r\u00e9alisent la m\u00eame prestation. Une attention particuli\u00e8re \u00a0concerne les droits \u00e0 l\u2019image.<\/p><p>Le <strong>\u00ab\u00a0sur mesure\u00a0\u00bb<\/strong> est \u00e0 privil\u00e9gier lorsque le sujet concerne une structure en particulier.<\/p>\t\t\t\t\t\t\t\t<\/div>\n\t\t\t\t<\/div>\n\t\t\t\t\t<\/div>\n\t\t\t\t<\/div>\n\t\t\t\t<\/div>\n\t\t","protected":false},"excerpt":{"rendered":"<p>une m\u00e9thode Votre temps est pr\u00e9cieux : nous mettons le n\u00f4tre \u00e0 votre disposition pour effectuer une revue de litt\u00e9rature (RBPP, textes r\u00e8glementaires, documents internes). A partir du storyboard.\u00a0 les s\u00e9quences sont film\u00e9es, le montage est r\u00e9alis\u00e9 et les \u00e9ventuelles modifications effectu\u00e9es. Le film est alors pr\u00eat \u00e0 \u00eatre diffus\u00e9. 1 L\u2019ECRITURE DU SCENARIO Le Style de film (fiction, reportage, interview, pr\u00e9sentation, motion design, \u2026) est souvent d\u00e9pendant du sujet. Il convient aussi de pr\u00e9ciser la nature du support de visionnage souhait\u00e9 (16\/9, vertical\u2026) La dur\u00e9e du film\/tutoriel est un param\u00e8tre important. Il s\u2019agit de faire passer les informations \u00e0 retenir en un minimum de temps tout en gardant l\u2019attention des utilisateurs. Le sc\u00e9nario pr\u00e9pare la composition du film. Il comporte des indications techniques, l\u2019utilisation de s\u00e9quences film\u00e9es, d\u2019images, de textes ou de voix off. Lors de la construction du sc\u00e9nario, nous \u00e9tudierons les recommandations de bonnes pratiques professionnelles (RBPP) et autres r\u00e9f\u00e9rentiels relatifs au sujet afin d\u2019en assurer sa pertinence. Le storyboard permet de pr\u00e9parer l\u2019\u00e9tape du tournage afin que toutes les s\u00e9quences puissent \u00eatre film\u00e9es en une seule journ\u00e9e, sans modifier l\u2019activit\u00e9 de la structure. 2 LE TOURNAGE DES SEQUENCES G\u00e9n\u00e9ralement r\u00e9alis\u00e9 en structure, la participation du personnel est un plus valorisant les acteurs et contribuant \u00e0 renforcer l\u2019impact du film aupr\u00e8s des \u00e9quipes. Cela permet par ailleurs de maitriser le co\u00fbt global. Le cas \u00e9ch\u00e9ant, il est possible de flouter les visages ou de filmer de dos. 3 LE MONTAGE &#8211; post-production Le montage du film se fait sur ordinateur. Cette \u00e9tape peut comporter l\u2019ajout de voix off, de visuels, de textes, voire de sous-titres. 4 LES CORRECTIONS Avant la finalisation du projet, votre relecture est n\u00e9cessaire et les modifications demand\u00e9es sont effectu\u00e9es. Le cas \u00e9ch\u00e9ant, un sp\u00e9cialiste du sujet peut \u00eatre consult\u00e9. 5 LA LIVRAISON du FILM Elle comporte une version num\u00e9rique du tutoriel en format HD ainsi qu\u2019une version consultable sur les r\u00e9seaux sociaux, notamment Youtube (en mode non r\u00e9f\u00e9renc\u00e9). Bon \u00e0 savoir : L\u2019\u00e9criture du storyboard peut \u00e9galement \u00eatre une opportunit\u00e9 pour revoir d\u2019organisation de l\u2019activit\u00e9 afin que le tutoriel pr\u00e9sente ce que l\u2019on fait\u2026 pour que soit fait ce que l\u2019on pr\u00e9sente. Du \u00ab\u00a0g\u00e9n\u00e9rique \u00bb au \u00ab\u00a0sur mesure\u00a0\u00bb. Le choix d\u00e9pend bien s\u00fbr du budget disponible mais \u00e9galement de la nature du sujet et de l\u2019objectif recherch\u00e9. Le \u00ab\u00a0g\u00e9n\u00e9rique \u00bb \u00a0: si le tutoriel explique par exemple comment utiliser un \u00e9quipement ou r\u00e9aliser une prestation, le film peut \u00eatre g\u00e9n\u00e9rique et reproductible dans plusieurs \u00e9tablissements si ces derniers utilisent le m\u00eame \u00e9quipement ou r\u00e9alisent la m\u00eame prestation. Une attention particuli\u00e8re \u00a0concerne les droits \u00e0 l\u2019image. Le \u00ab\u00a0sur mesure\u00a0\u00bb est \u00e0 privil\u00e9gier lorsque le sujet concerne une structure en particulier.<\/p>\n","protected":false},"author":2,"featured_media":0,"parent":0,"menu_order":0,"comment_status":"closed","ping_status":"closed","template":"","meta":{"ocean_post_layout":"","ocean_both_sidebars_style":"","ocean_both_sidebars_content_width":0,"ocean_both_sidebars_sidebars_width":0,"ocean_sidebar":"","ocean_second_sidebar":"","ocean_disable_margins":"enable","ocean_add_body_class":"","ocean_shortcode_before_top_bar":"","ocean_shortcode_after_top_bar":"","ocean_shortcode_before_header":"","ocean_shortcode_after_header":"","ocean_has_shortcode":"","ocean_shortcode_after_title":"","ocean_shortcode_before_footer_widgets":"","ocean_shortcode_after_footer_widgets":"","ocean_shortcode_before_footer_bottom":"","ocean_shortcode_after_footer_bottom":"","ocean_display_top_bar":"default","ocean_display_header":"default","ocean_header_style":"","ocean_center_header_left_menu":"","ocean_custom_header_template":"","ocean_custom_logo":0,"ocean_custom_retina_logo":0,"ocean_custom_logo_max_width":0,"ocean_custom_logo_tablet_max_width":0,"ocean_custom_logo_mobile_max_width":0,"ocean_custom_logo_max_height":0,"ocean_custom_logo_tablet_max_height":0,"ocean_custom_logo_mobile_max_height":0,"ocean_header_custom_menu":"","ocean_menu_typo_font_family":"","ocean_menu_typo_font_subset":"","ocean_menu_typo_font_size":0,"ocean_menu_typo_font_size_tablet":0,"ocean_menu_typo_font_size_mobile":0,"ocean_menu_typo_font_size_unit":"px","ocean_menu_typo_font_weight":"","ocean_menu_typo_font_weight_tablet":"","ocean_menu_typo_font_weight_mobile":"","ocean_menu_typo_transform":"","ocean_menu_typo_transform_tablet":"","ocean_menu_typo_transform_mobile":"","ocean_menu_typo_line_height":0,"ocean_menu_typo_line_height_tablet":0,"ocean_menu_typo_line_height_mobile":0,"ocean_menu_typo_line_height_unit":"","ocean_menu_typo_spacing":0,"ocean_menu_typo_spacing_tablet":0,"ocean_menu_typo_spacing_mobile":0,"ocean_menu_typo_spacing_unit":"","ocean_menu_link_color":"","ocean_menu_link_color_hover":"","ocean_menu_link_color_active":"","ocean_menu_link_background":"","ocean_menu_link_hover_background":"","ocean_menu_link_active_background":"","ocean_menu_social_links_bg":"","ocean_menu_social_hover_links_bg":"","ocean_menu_social_links_color":"","ocean_menu_social_hover_links_color":"","ocean_disable_title":"default","ocean_disable_heading":"default","ocean_post_title":"","ocean_post_subheading":"","ocean_post_title_style":"","ocean_post_title_background_color":"","ocean_post_title_background":0,"ocean_post_title_bg_image_position":"","ocean_post_title_bg_image_attachment":"","ocean_post_title_bg_image_repeat":"","ocean_post_title_bg_image_size":"","ocean_post_title_height":0,"ocean_post_title_bg_overlay":0.5,"ocean_post_title_bg_overlay_color":"","ocean_disable_breadcrumbs":"default","ocean_breadcrumbs_color":"","ocean_breadcrumbs_separator_color":"","ocean_breadcrumbs_links_color":"","ocean_breadcrumbs_links_hover_color":"","ocean_display_footer_widgets":"default","ocean_display_footer_bottom":"default","ocean_custom_footer_template":"","footnotes":""},"class_list":["post-150","page","type-page","status-publish","hentry","entry"],"_links":{"self":[{"href":"https:\/\/guidehpad.com\/index.php\/wp-json\/wp\/v2\/pages\/150","targetHints":{"allow":["GET"]}}],"collection":[{"href":"https:\/\/guidehpad.com\/index.php\/wp-json\/wp\/v2\/pages"}],"about":[{"href":"https:\/\/guidehpad.com\/index.php\/wp-json\/wp\/v2\/types\/page"}],"author":[{"embeddable":true,"href":"https:\/\/guidehpad.com\/index.php\/wp-json\/wp\/v2\/users\/2"}],"replies":[{"embeddable":true,"href":"https:\/\/guidehpad.com\/index.php\/wp-json\/wp\/v2\/comments?post=150"}],"version-history":[{"count":59,"href":"https:\/\/guidehpad.com\/index.php\/wp-json\/wp\/v2\/pages\/150\/revisions"}],"predecessor-version":[{"id":603,"href":"https:\/\/guidehpad.com\/index.php\/wp-json\/wp\/v2\/pages\/150\/revisions\/603"}],"wp:attachment":[{"href":"https:\/\/guidehpad.com\/index.php\/wp-json\/wp\/v2\/media?parent=150"}],"curies":[{"name":"wp","href":"https:\/\/api.w.org\/{rel}","templated":true}]}}